{"id":44,"date":"2025-09-01T23:11:27","date_gmt":"2025-09-01T22:11:27","guid":{"rendered":"https:\/\/www.can.pt\/?page_id=44"},"modified":"2025-09-03T22:33:51","modified_gmt":"2025-09-03T21:33:51","slug":"sobre-o-clube","status":"publish","type":"page","link":"https:\/\/www.can.pt\/index.php\/sobre-o-clube\/","title":{"rendered":"Sobre o clube"},"content":{"rendered":"<style>.kb-row-layout-id44_706b5d-79 > .kt-row-column-wrap{align-content:start;}:where(.kb-row-layout-id44_706b5d-79 > .kt-row-column-wrap) > .wp-block-kadence-column{justify-content:start;}.kb-row-layout-id44_706b5d-79 > .kt-row-column-wrap{column-gap:var(--global-kb-gap-md, 2rem);row-gap:var(--global-kb-gap-md, 2rem);padding-top:0px;padding-right:0px;padding-bottom:0px;padding-left:0px;grid-template-columns:minmax(0, 1fr);}.kb-row-layout-id44_706b5d-79 > .kt-row-layout-overlay{opacity:0.30;}@media all and (max-width: 1024px){.kb-row-layout-id44_706b5d-79 > .kt-row-column-wrap{grid-template-columns:minmax(0, 1fr);}}@media all and (max-width: 767px){.kb-row-layout-id44_706b5d-79 > .kt-row-column-wrap{grid-template-columns:minmax(0, 1fr);}}<\/style><div class=\"kb-row-layout-wrap kb-row-layout-id44_706b5d-79 alignnone wp-block-kadence-rowlayout\"><div class=\"kt-row-column-wrap kt-has-1-columns kt-row-layout-equal kt-tab-layout-inherit kt-mobile-layout-row kt-row-valign-top\">\n<style>.kadence-column44_d018a7-d0 > .kt-inside-inner-col,.kadence-column44_d018a7-d0 > .kt-inside-inner-col:before{border-top-left-radius:0px;border-top-right-radius:0px;border-bottom-right-radius:0px;border-bottom-left-radius:0px;}.kadence-column44_d018a7-d0 > .kt-inside-inner-col{column-gap:var(--global-kb-gap-sm, 1rem);}.kadence-column44_d018a7-d0 > .kt-inside-inner-col{flex-direction:column;}.kadence-column44_d018a7-d0 > .kt-inside-inner-col > .aligncenter{width:100%;}.kadence-column44_d018a7-d0 > .kt-inside-inner-col:before{opacity:0.3;}.kadence-column44_d018a7-d0{position:relative;}@media all and (max-width: 1024px){.kadence-column44_d018a7-d0 > .kt-inside-inner-col{flex-direction:column;justify-content:center;}}@media all and (max-width: 767px){.kadence-column44_d018a7-d0 > .kt-inside-inner-col{flex-direction:column;justify-content:center;}}<\/style>\n<div class=\"wp-block-kadence-column kadence-column44_d018a7-d0\"><div class=\"kt-inside-inner-col\">\n<p>O Clube Aeromodelismo do Norte (tamb\u00e9m conhecido pelas siglas CAN), foi fundado a 23 de Junho de 1992 por um grupo entusiastas da modalidade.<\/p>\n\n\n\n<p>A necessidade de criar um local de voo mais acess\u00edvel do que a pista de Espinho, que na altura sofria algumas altera\u00e7\u00f5es, foi um dos fatores que impulsionou para se avan\u00e7ar com a cria\u00e7\u00e3o do CAN. Com a funda\u00e7\u00e3o do clube, foi cedido a este por um per\u00edodo de dez anos, um terreno situado em Covelas para a constru\u00e7\u00e3o de uma pista para a pr\u00e1tica da modalidade, mas por dificuldades financeiras o projeto n\u00e3o foi avante.<\/p>\n\n\n\n<p>Com todas as dificuldades financeiras (entre outras), acabou por n\u00e3o se dar seguimento \u00e0 constru\u00e7\u00e3o da pista de Covelas. Entretanto dois s\u00f3cios descobriram um terreno baldio em Seroa (Pa\u00e7os de Ferreira), no qual conseguiram que se fizesse uma pista em saibro, que mais tarde viria a ser asfaltada e que durante anos serviu para a pr\u00e1tica da modalidade. No seu auge, o CAN contava com 130 s\u00f3cios, dos quais 90 eram praticantes.<\/p>\n\n\n\n<p>No seu in\u00edcio, o CAN n\u00e3o tinha sede pr\u00f3pria, logo as reuni\u00f5es realizavam-se numa garagem cedida por um dos fundadores e ex-presidente do clube, Ant\u00f3nio Moreira. Em 1997 foi inaugurada a sede, situada em Custoias na Rua Ant\u00f3nio Fragoso, 306 Cave. Como optamos por dar prioridade \u00e0&nbsp;constru\u00e7\u00e3o da nova pista da Serrinha em Pedorido, em Agosto de 2006 tivemos de&nbsp; prescindir&nbsp; deste espa\u00e7o. No entanto mantemos conversa\u00e7\u00f5es com entidades da autarquia, para obten\u00e7\u00e3o de um novo espa\u00e7o menos dispendioso para a sede do CAN.<\/p>\n\n\n\n<p>O CAN tem vindo a organizar v\u00e1rias exposi\u00e7\u00f5es como por exemplo: Col\u00e9gio Flory, C\u00e2mara de Matosinhos, Pavilh\u00e3o Rosa Mota (anivers\u00e1rio da For\u00e7a A\u00e9rea Portuguesa) e uma exposi\u00e7\u00e3o conjunta com a L.I.P.A. no Mercado Ferreira Borges. Participou nas comemora\u00e7\u00f5es dos 25 anos da Escola C+S de Revelhe em Fafe, realizou uma exposi\u00e7\u00e3o e demonstra\u00e7\u00e3o de aeromodelismo (helic\u00f3pteros) na Escola C+S de Pa\u00e7os de Ferreira. Realizou Fun-Flys e provas de acrobacia F3A e F3C. Organizou tamb\u00e9m dois grandes festivais em Seroa onde participaram alguns pilotos espanh\u00f3is. Tem igualmente participado com alguns dos seus s\u00f3cios, em provas da Federa\u00e7\u00e3o, organizadas pelo clube e outros, sendo alguns dos seus s\u00f3cios Camp\u00f5es Nacionais em algumas das classes de Aeromodelismo. Tem realizado exibi\u00e7\u00f5es em alguns locais nomeadamente, Le\u00e7a da Palmeira. Inaugurou uma pista em Amarante, do N\u00facleo de Aeromodelismo do Norte e outra na Lixa. Recentemente organizou dois Indoors, um em Lousada e outro no Pavilh\u00e3o Municipal de Cust\u00f3dias. Em 17 de Junho de 2006 inauguramos a nossa pista em Pedorido &#8211; Castelo de Paiva e em 02 de Setembro organizamos o 2\u00ba encontros de hidros, no Rio Douro tamb\u00e9m em Pedorido.<\/p>\n\n\n<div class=\"wp-block-image\">\n<figure class=\"aligncenter size-full\"><img loading=\"lazy\" decoding=\"async\" width=\"620\" height=\"350\" src=\"https:\/\/www.can.pt\/wp-content\/uploads\/2025\/09\/canlogo_ori2.png\" alt=\"\" class=\"wp-image-158\" srcset=\"https:\/\/www.can.pt\/wp-content\/uploads\/2025\/09\/canlogo_ori2.png 620w, https:\/\/www.can.pt\/wp-content\/uploads\/2025\/09\/canlogo_ori2-300x169.png 300w\" sizes=\"auto, (max-width: 620px) 100vw, 620px\" \/><\/figure>\n<\/div><\/div><\/div>\n\n<\/div><\/div>","protected":false},"excerpt":{"rendered":"<p>O Clube Aeromodelismo do Norte (tamb\u00e9m conhecido pelas siglas CAN), foi fundado a 23 de Junho de 1992 por um grupo entusiastas da modalidade. A necessidade de criar um local de voo mais acess\u00edvel do que a pista de Espinho, que na altura sofria algumas altera\u00e7\u00f5es, foi um dos fatores que impulsionou para se avan\u00e7ar&#8230;<\/p>\n","protected":false},"author":1,"featured_media":0,"parent":0,"menu_order":0,"comment_status":"closed","ping_status":"closed","template":"","meta":{"_kad_post_transparent":"","_kad_post_title":"default","_kad_post_layout":"default","_kad_post_sidebar_id":"","_kad_post_content_style":"boxed","_kad_post_vertical_padding":"","_kad_post_feature":"","_kad_post_feature_position":"","_kad_post_header":false,"_kad_post_footer":false,"_kad_post_classname":"","footnotes":""},"class_list":["post-44","page","type-page","status-publish","hentry"],"_links":{"self":[{"href":"https:\/\/www.can.pt\/index.php\/wp-json\/wp\/v2\/pages\/44","targetHints":{"allow":["GET"]}}],"collection":[{"href":"https:\/\/www.can.pt\/index.php\/wp-json\/wp\/v2\/pages"}],"about":[{"href":"https:\/\/www.can.pt\/index.php\/wp-json\/wp\/v2\/types\/page"}],"author":[{"embeddable":true,"href":"https:\/\/www.can.pt\/index.php\/wp-json\/wp\/v2\/users\/1"}],"replies":[{"embeddable":true,"href":"https:\/\/www.can.pt\/index.php\/wp-json\/wp\/v2\/comments?post=44"}],"version-history":[{"count":0,"href":"https:\/\/www.can.pt\/index.php\/wp-json\/wp\/v2\/pages\/44\/revisions"}],"wp:attachment":[{"href":"https:\/\/www.can.pt\/index.php\/wp-json\/wp\/v2\/media?parent=44"}],"curies":[{"name":"wp","href":"https:\/\/api.w.org\/{rel}","templated":true}]}}